{"version":"1.0","provider_name":"Consejo Comarcal del Bierzo","provider_url":"https:\/\/ccbierzo.com\/gl\/","title":"Intur 2018 - Consejo Comarcal del Bierzo","type":"rich","width":600,"height":338,"html":"<blockquote class=\"wp-embedded-content\" data-secret=\"vOrVzNxMZf\"><a href=\"https:\/\/ccbierzo.com\/gl\/intur-2018\/\">Intur 2018<\/a><\/blockquote><iframe sandbox=\"allow-scripts\" security=\"restricted\" src=\"https:\/\/ccbierzo.com\/gl\/intur-2018\/embed\/#?secret=vOrVzNxMZf\" width=\"600\" height=\"338\" title=\"&#8220;Intur 2018&#8221; &#8212; Consejo Comarcal del Bierzo\" data-secret=\"vOrVzNxMZf\" frameborder=\"0\" marginwidth=\"0\" marginheight=\"0\" scrolling=\"no\" class=\"wp-embedded-content\"><\/iframe><script type=\"text\/javascript\">\n\/* <![CDATA[ *\/\n\/*! This file is auto-generated *\/\n!function(d,l){\"use strict\";l.querySelector&&d.addEventListener&&\"undefined\"!=typeof URL&&(d.wp=d.wp||{},d.wp.receiveEmbedMessage||(d.wp.receiveEmbedMessage=function(e){var t=e.data;if((t||t.secret||t.message||t.value)&&!\/[^a-zA-Z0-9]\/.test(t.secret)){for(var s,r,n,a=l.querySelectorAll('iframe[data-secret=\"'+t.secret+'\"]'),o=l.querySelectorAll('blockquote[data-secret=\"'+t.secret+'\"]'),c=new RegExp(\"^https?:$\",\"i\"),i=0;i<o.length;i++)o[i].style.display=\"none\";for(i=0;i<a.length;i++)s=a[i],e.source===s.contentWindow&&(s.removeAttribute(\"style\"),\"height\"===t.message?(1e3<(r=parseInt(t.value,10))?r=1e3:~~r<200&&(r=200),s.height=r):\"link\"===t.message&&(r=new URL(s.getAttribute(\"src\")),n=new URL(t.value),c.test(n.protocol))&&n.host===r.host&&l.activeElement===s&&(d.top.location.href=t.value))}},d.addEventListener(\"message\",d.wp.receiveEmbedMessage,!1),l.addEventListener(\"DOMContentLoaded\",function(){for(var e,t,s=l.querySelectorAll(\"iframe.wp-embedded-content\"),r=0;r<s.length;r++)(t=(e=s[r]).getAttribute(\"data-secret\"))||(t=Math.random().toString(36).substring(2,12),e.src+=\"#?secret=\"+t,e.setAttribute(\"data-secret\",t)),e.contentWindow.postMessage({message:\"ready\",secret:t},\"*\")},!1)))}(window,document);\n\/\/# sourceURL=https:\/\/ccbierzo.com\/wp-includes\/js\/wp-embed.min.js\n\/* ]]> *\/\n<\/script>\n","thumbnail_url":"https:\/\/ccbierzo.com\/wp-content\/uploads\/2018\/11\/presentacion-arboles.jpg","thumbnail_width":1500,"thumbnail_height":989,"description":"Los \u00e1rboles tallados en El Bierzo protagonizan la campa\u00f1a que el Patronato de Turismo presentar\u00e1 en la Feria Internacional de Turismo de Interior (Intur), que se celebra en Valladolid desde este jueves hasta el domingo."}

Los árboles tallados en El Bierzo protagonizan la campaña que el Patronato de Turismo presentará en la Feria Internacional de Turismo de Interior (Intur), que se celebra en Valladolid desde este jueves hasta el domingo.
