{"version":"1.0","provider_name":"Consejo Comarcal del Bierzo","provider_url":"https:\/\/ccbierzo.com\/gl\/","title":"Degustaci\u00f3n popular - Consejo Comarcal del Bierzo","type":"rich","width":600,"height":338,"html":"<blockquote class=\"wp-embedded-content\" data-secret=\"68bbO8aqEM\"><a href=\"https:\/\/ccbierzo.com\/gl\/degustacion-de-jornadas\/\">Degustaci\u00f3n popular<\/a><\/blockquote><iframe sandbox=\"allow-scripts\" security=\"restricted\" src=\"https:\/\/ccbierzo.com\/gl\/degustacion-de-jornadas\/embed\/#?secret=68bbO8aqEM\" width=\"600\" height=\"338\" title=\"&#8220;Degustaci\u00f3n popular&#8221; &#8212; Consejo Comarcal del Bierzo\" data-secret=\"68bbO8aqEM\" frameborder=\"0\" marginwidth=\"0\" marginheight=\"0\" scrolling=\"no\" class=\"wp-embedded-content\"><\/iframe><script type=\"text\/javascript\">\n\/* <![CDATA[ *\/\n\/*! This file is auto-generated *\/\n!function(d,l){\"use strict\";l.querySelector&&d.addEventListener&&\"undefined\"!=typeof URL&&(d.wp=d.wp||{},d.wp.receiveEmbedMessage||(d.wp.receiveEmbedMessage=function(e){var t=e.data;if((t||t.secret||t.message||t.value)&&!\/[^a-zA-Z0-9]\/.test(t.secret)){for(var s,r,n,a=l.querySelectorAll('iframe[data-secret=\"'+t.secret+'\"]'),o=l.querySelectorAll('blockquote[data-secret=\"'+t.secret+'\"]'),c=new RegExp(\"^https?:$\",\"i\"),i=0;i<o.length;i++)o[i].style.display=\"none\";for(i=0;i<a.length;i++)s=a[i],e.source===s.contentWindow&&(s.removeAttribute(\"style\"),\"height\"===t.message?(1e3<(r=parseInt(t.value,10))?r=1e3:~~r<200&&(r=200),s.height=r):\"link\"===t.message&&(r=new URL(s.getAttribute(\"src\")),n=new URL(t.value),c.test(n.protocol))&&n.host===r.host&&l.activeElement===s&&(d.top.location.href=t.value))}},d.addEventListener(\"message\",d.wp.receiveEmbedMessage,!1),l.addEventListener(\"DOMContentLoaded\",function(){for(var e,t,s=l.querySelectorAll(\"iframe.wp-embedded-content\"),r=0;r<s.length;r++)(t=(e=s[r]).getAttribute(\"data-secret\"))||(t=Math.random().toString(36).substring(2,12),e.src+=\"#?secret=\"+t,e.setAttribute(\"data-secret\",t)),e.contentWindow.postMessage({message:\"ready\",secret:t},\"*\")},!1)))}(window,document);\n\/\/# sourceURL=https:\/\/ccbierzo.com\/wp-includes\/js\/wp-embed.min.js\n\/* ]]> *\/\n<\/script>\n","thumbnail_url":"https:\/\/ccbierzo.com\/wp-content\/uploads\/2019\/11\/presentacion4.jpeg","thumbnail_width":1024,"thumbnail_height":684,"description":"La Plaza del Ayuntamiento de Ponferrada acoge el jueves, 14 de noviembre, la primera degustaci\u00f3n popular con cocina en directo de las Jornadas Gastron\u00f3micas. Este lunes se present\u00f3 el evento en el Consejo Comarcal. Cuatro restaurantes sacar\u00e1n sus Jornadas Gastron\u00f3micas a la calle y ofrecer\u00e1n una degustaci\u00f3n de algunos de sus platos el pr\u00f3ximo jueves, [&hellip;]"}

Degustación popular - Consejo Comarcal del Bierzo

<blockquote class="wp-embedded-content" data-secret="68bbO8aqEM"><a href="https://ccbierzo.com/gl/degustacion-de-jornadas/">Degustación popular</a></blockquote><iframe sandbox="allow-scripts" security="restricted" src="https://ccbierzo.com/gl/degustacion-de-jornadas/embed/#?secret=68bbO8aqEM" width="600" height="338" title="&#8220;Degustación popular&#8221; &#8212; Consejo Comarcal del Bierzo" data-secret="68bbO8aqEM" frameborder="0" marginwidth="0" marginheight="0" scrolling="no" class="wp-embedded-content"></iframe><script type="text/javascript">
/* <![CDATA[ */
/*! This file is auto-generated */
!function(d,l){"use strict";l.querySelector&&d.addEventListener&&"undefined"!=typeof URL&&(d.wp=d.wp||{},d.wp.receiveEmbedMessage||(d.wp.receiveEmbedMessage=function(e){var t=e.data;if((t||t.secret||t.message||t.value)&&!/[^a-zA-Z0-9]/.test(t.secret)){for(var s,r,n,a=l.querySelectorAll('iframe[data-secret="'+t.secret+'"]'),o=l.querySelectorAll('blockquote[data-secret="'+t.secret+'"]'),c=new RegExp("^https?:$","i"),i=0;i<o.length;i++)o[i].style.display="none";for(i=0;i<a.length;i++)s=a[i],e.source===s.contentWindow&&(s.removeAttribute("style"),"height"===t.message?(1e3<(r=parseInt(t.value,10))?r=1e3:~~r<200&&(r=200),s.height=r):"link"===t.message&&(r=new URL(s.getAttribute("src")),n=new URL(t.value),c.test(n.protocol))&&n.host===r.host&&l.activeElement===s&&(d.top.location.href=t.value))}},d.addEventListener("message",d.wp.receiveEmbedMessage,!1),l.addEventListener("DOMContentLoaded",function(){for(var e,t,s=l.querySelectorAll("iframe.wp-embedded-content"),r=0;r<s.length;r++)(t=(e=s[r]).getAttribute("data-secret"))||(t=Math.random().toString(36).substring(2,12),e.src+="#?secret="+t,e.setAttribute("data-secret",t)),e.contentWindow.postMessage({message:"ready",secret:t},"*")},!1)))}(window,document);
//# sourceURL=https://ccbierzo.com/wp-includes/js/wp-embed.min.js
/* ]]> */
</script>

La Plaza del Ayuntamiento de Ponferrada acoge el jueves, 14 de noviembre, la primera degustación popular con cocina en directo de las Jornadas Gastronómicas. Este lunes se presentó el evento en el Consejo Comarcal. Cuatro restaurantes sacarán sus Jornadas Gastronómicas a la calle y ofrecerán una degustación de algunos de sus platos el próximo jueves, [&hellip;]
